32)/(-8))/((-1)/16). Calculate the greatest common factor of l and s.
26
Let x(r) = -9*r + 507. Let i be x(47). Calculate the greatest common factor of 154 and i.
14
Let p(m) = -2*m**3 + 26*m**2 - 22*m + 52. Let j be p(10). What is the greatest common factor of 81 and j?
27
Suppose -4*q + 0*q + 192 = 0. Suppose 3*c = 3*v + 5*c + 52, -3*v + 3*c = 72. Let d = v + 36. Calculate the highest common divisor of q and d.
16
Let c(l) = -l**3 - 35*l**2 - 4*l + 14. Let t be c(-35). Calculate the highest common factor of t and 14.
14
Let r(p) = p**3 + 16*p**2 + 17*p + 33. Let a be r(-15). Suppose -3*n - 45 = -a*h, n = 5*h - 49 - 18. Calculate the greatest common divisor of h and 169.
13
Suppose 7*w = 103 + 352. What is the highest common factor of w and 5?
5
Let r = 1110 + -1005. Calculate the highest common divisor of r and 168.
21
Suppose -3*f + 6 = -2*f. Let u(i) = 2*i**3 - 8*i**2 - 6*i + 4. Let h be u(f). Let x be (-97)/(-6) + 3/(-18). What is the greatest common factor of h and x?
16
Suppose -5 + 24 = x. Let u be (19/(-2))/(1/(-6)). Calculate the greatest common factor of u and x.
19
Let v = 26 - 24. Suppose 3*n + 190 = q, 0*n = -v*q - n + 345. Calculate the greatest common divisor of 70 and q.
35
Let x be 144/(-56) + -2*(-6)/(-28). Let y be 104 + (-1)/(x + 2). What is the highest common divisor of 42 and y?
21
Suppose 5*u - 28 = 4*p, 4*p - 6 = -3*u + 30. What is the highest common factor of 68 and u?
4
Let d(p) = 18*p**3 - 4*p**2 + 2*p. Let j be d(2). Suppose -4*t - 428 = -476. Calculate the greatest common divisor of t and j.
12
Let p = 46 + -45. Let a be (5 - 6)*(0 + -4 + p). What is the highest common divisor of 9 and a?
3
Suppose 27*g = 24*g + 54. What is the highest common factor of 18 and g?
18
Suppose -11 = -3*d + 1. Let o be (-2160)/63 - d/(-14). Let p = o + 54. Calculate the greatest common factor of 2 and p.
2
Let h be (-40)/(-25) + (-4)/(-10). Let r be (h - 4/2)*-1. Suppose r*y = 2*y - 22. Calculate the greatest common factor of y and 11.
11
Let f(v) = -4*v - 2. Let c = 5 + -11. Let t be f(c). Let y be ((-15)/(-2))/(12/176). What is the highest common divisor of y and t?
22
Suppose a - 2*n - 13 = 5, 3*a + 5*n = 10. Let l be (-4)/(-30) + a/(-75). Suppose l = -3*o + 8 + 13. Calculate the greatest common factor of 14 and o.
7
Suppose -2*h = -5*t + 8*t - 598, -5*t + 3*h + 984 = 0. What is the highest common divisor of 44 and t?
22
Let h(u) = u - 11. Let o be h(-8). Let r = 41 + o. Let a be (22/6)/(2/48). Calculate the greatest common factor of r and a.
22
Let t(o) = 13*o**3 - 7*o**2 + 3*o + 2. Suppose -8 = -7*q + 6. Let a be t(q). What is the highest common divisor of a and 28?
28
Let k be ((-40)/(-12))/(-3 - (-56)/18). Suppose -25*u - 560 = -k*u. What is the greatest common divisor of 14 and u?
14
Let o = -20 + 43. Let p(t) = -t**3 + 23*t**2 + 3*t + 51. Let f be p(o). Calculate the greatest common divisor of f and 48.
24
Let u be (-684)/(-2) - (-16)/8. Let q(z) = -z**3 + 21*z**2 - 36*z + 5. Let f be q(19). Calculate the greatest common divisor of u and f.
43
Suppose 0 = 19*v - 16*v + 45. Let r = v + 42. Calculate the greatest common factor of 9 and r.
9
Let t = 706 + -675. Suppose -3*r + 2*s + 477 = -2*s, 4*r + 2*s - 614 = 0. What is the greatest common factor of t and r?
31
Suppose 27*i + 1593 = 86*i. What is the greatest common divisor of i and 3213?
27
Let l = -293 + 492. Suppose -4*u = -l - 61. Calculate the highest common factor of 13 and u.
13
Let m = -409 + 578. Calculate the highest common factor of m and 26.
13
Let m = 1499 + -1375. What is the greatest common divisor of m and 93?
31
Let f = -1472 - -1757. What is the highest common factor of f and 105?
15
Suppose -4*g - v + 5*v = -72, 4*v = 2*g - 44. Calculate the highest common divisor of 238 and g.
14
Let t = -346 + 362. What is the greatest common factor of 6 and t?
2
Let d be (144/(-24))/(-1 + 2 - 0). Let x be (-1881)/27*(2 + d - -1). Calculate the highest common factor of x and 19.
19
Let j(u) = -u**3 + 5*u**2 + 9*u - 5. Let g be j(6). Suppose 3*t = -0*t + 3. Let h = g - t. Calculate the greatest common factor of h and 108.
12
Let r be 0/(-3*(-4)/(-6)). Suppose 0 = h - 0*h - 4*n - 26, -4*n - 16 = r. Let j be (-2)/3 + (-302)/(-3). Calculate the greatest common factor of j and h.
10
Let d be ((-34)/85*-38)/((-2)/(-20)). What is the greatest common divisor of d and 247?
19
Let z = -1803 - -1817. Suppose -2*d + 76 = -232. Calculate the highest common factor of d and z.
14
Suppose 0 = 3*s - 5*y + 33 - 197, -y + 257 = 4*s. What is the greatest common factor of 9 and s?
9
Let w = -458 + 500. Calculate the highest common divisor of 105 and w.
21
Let v = -281 + 326. Let l(t) = -t + 1. Let r be (12/10)/(6/(-40)). Let y be l(r). Calculate the greatest common factor of v and y.
9
Suppose 0 = -7*m + 2*m + 20. Let p(x) = x**2 - 2*x + 4. Let t(u) = -1. Let h(z) = m*t(z) + p(z). Let b be h(5). What is the greatest common factor of 15 and b?
15
Let i be 918/255*165/2. What is the highest common divisor of 396 and i?
99
Let r = 1 + 5. Let g(u) = 3*u**2 + 5*u - 21. Let b be g(r). What is the highest common factor of 78 and b?
39
Let h(r) = 3*r - 10. Let z be h(10). Let p = -373 + 393. What is the greatest common factor of z and p?
20
Suppose -q - 7*d + 522 = -2*d, -1044 = -2*q - d. Calculate the highest common divisor of q and 9.
9
Let f(h) = 14*h**2 - 5*h - 1. Let s be f(-1). What is the highest common divisor of 462 and s?
6
Suppose 3*j = 2 - 8, -4*j = -4*y. Let m be (-1 - 127/1)/y. Suppose -3*a = -8*a - 3*v + 80, 3*a - 4*v = 48. Calculate the greatest common factor of m and a.
16
Suppose 2*w - 430 + 160 = 0. Let g be (-3 - -1) + 0/3. Let n be (-1)/(58/30 + g). Calculate the highest common divisor of n and w.
15
Let w(x) = x + 3. Let p be w(4). Suppose -22*a + 40*a + 58*a = 76. Calculate the highest common factor of p and a.
1
Let i be (0 + 2)*(-174)/(-116). Calculate the highest common divisor of i and 2.
1
Suppose -3*a = 2*k + k - 1626, -2*a - k + 1079 = 0. Suppose 3*t = -p + 789, 8*t - 3*p - a = 6*t. Calculate the greatest common divisor of t and 24.
24
Let h be (11/9 - 4/18) + 19. What is the highest common divisor of 30 and h?
10
Let u be (-72)/(-14) + (-10)/70. Suppose 3*t = -4*y - 79, -u*t + 29 + 52 = -3*y. Let r = 8 - y. Calculate the highest common divisor of 15 and r.
15
Suppose -4*s - 24 = n - 4*n, 4*n = 5*s + 31. Let u be (-1)/(0 - s/159). Let q = -31 - u. Calculate the highest common factor of 2 and q.
2
Let s = -17 - -29. Let o be 7 + 3/(-3) + -2. Let m = 4 + o. Calculate the greatest common factor of m and s.
4
Let y be (40/14)/(1*1/7). Let x = 404 + -738. Let u = 554 + x. Calculate the greatest common divisor of u and y.
20
Suppose 0 = 5*d - 21 - 9. Suppose 3*m - 17 = p + 1, -m + d = p. Let z = -338 + 380. What is the highest common divisor of z and m?
6
Suppose 5*h = 2*h - 21. Let o(b) = b**3 + 6*b**2 - 7*b + 2. Let z be o(h). Let y be z/(-4) + (-253)/(-22). Calculate the greatest common divisor of 1 and y.
1
Let b(z) = -z**3 - 6*z**2 + z + 12. Let o be b(-6). Calculate the greatest common factor of 93 and o.
3
Let s = -4 - -8. Suppose 57 = -s*i - 15. Let d be i*(-1 + 3/9). Calculate the highest common divisor of 60 and d.
12
Let k be (1 + 4/6)*3. Let u(z) = z**3 - 3*z**2 + 4*z - 1. Let m be u(2). Let g be k*(m + 0)/3. Calculate the highest common factor of g and 45.
5
Let p(q) = -q**3 - 18*q**2 - 22*q - 36. Let j be p(-17). Let w = -23 + j. Calculate the highest common divisor of w and 78.
26
Let n = -119 + 171. Let u be (-4)/(8/6) + -96 + 112. Calculate the highest common divisor of u and n.
13
Let j(d) = -3*d - 12 + d + d - 21*d. Let i be j(-1). Suppose -7 + 27 = 2*l. Calculate the greatest common divisor of i and l.
10
Let p = -103 - -106. Let j be 387/6 - 2*p/4. Calculate the highest common factor of j and 9.
9
Let u = -56 + 60. Suppose -u*l = -i - 18, l - 9 = -i - i. Calculate the greatest common divisor of i and 18.
2
Suppose 0 = r + t - 92, 7*r - 452 = 2*r - 3*t. Suppose -4*h - 5*h = -9. Let k be (h + 1)/(6/33). Calculate the highest common factor of r and k.
11
Let l = -3 + -3. Let x be 6/(-10)*(-2 + 3 + l). Calculate the highest common factor of x and 1.
1
Suppose -2*o + 13 = 2*c - 49, -5*o - 2*c + 164 = 0. Suppose -5*i + 25 = 0, o = 5*h + i - 86. Calculate the 